{"id":215,"date":"2020-04-13T11:18:50","date_gmt":"2020-04-13T09:18:50","guid":{"rendered":"https:\/\/cd-68-ffc.fr\/?page_id=215"},"modified":"2026-01-25T23:05:29","modified_gmt":"2026-01-25T22:05:29","slug":"accueil","status":"publish","type":"page","link":"https:\/\/cd-68-ffc.fr\/","title":{"rendered":"Accueil"},"content":{"rendered":"\t\t<div data-elementor-type=\"wp-page\" data-elementor-id=\"215\" class=\"elementor elementor-215\" data-elementor-post-type=\"page\">\n\t\t\t\t\t\t<section class=\"elementor-section elementor-top-section elementor-element elementor-element-1b0a5d33 elementor-section-boxed elementor-section-height-default elementor-section-height-default\" data-id=\"1b0a5d33\" data-element_type=\"section\" data-e-type=\"section\" data-settings=\"{&quot;background_background&quot;:&quot;classic&quot;}\">\n\t\t\t\t\t\t<div class=\"elementor-container elementor-column-gap-default\">\n\t\t\t\t\t<div class=\"elementor-column elementor-col-100 elementor-top-column elementor-element elementor-element-1f841ba\" data-id=\"1f841ba\" data-element_type=\"column\" data-e-type=\"column\">\n\t\t\t<div class=\"elementor-widget-wrap elementor-element-populated\">\n\t\t\t\t\t\t\t<\/div>\n\t\t<\/div>\n\t\t\t\t\t<\/div>\n\t\t<\/section>\n\t\t\t\t<section class=\"elementor-section elementor-top-section elementor-element elementor-element-672b423 elementor-section-boxed elementor-section-height-default elementor-section-height-default\" data-id=\"672b423\" data-element_type=\"section\" data-e-type=\"section\" data-settings=\"{&quot;animation&quot;:&quot;none&quot;}\">\n\t\t\t\t\t\t<div class=\"elementor-container elementor-column-gap-default\">\n\t\t\t\t\t<div class=\"elementor-column elementor-col-100 elementor-top-column elementor-element elementor-element-fe145db\" data-id=\"fe145db\" data-element_type=\"column\" data-e-type=\"column\" data-settings=\"{&quot;motion_fx_motion_fx_mouse&quot;:&quot;yes&quot;}\">\n\t\t\t<div class=\"elementor-widget-wrap elementor-element-populated\">\n\t\t\t\t\t\t<div class=\"elementor-element elementor-element-1c50416 elementor-widget-divider--view-line elementor-widget elementor-widget-divider\" data-id=\"1c50416\" data-element_type=\"widget\" data-e-type=\"widget\" data-widget_type=\"divider.default\">\n\t\t\t\t<div class=\"elementor-widget-container\">\n\t\t\t\t\t\t\t<div class=\"elementor-divider\">\n\t\t\t<span class=\"elementor-divider-separator\">\n\t\t\t\t\t\t<\/span>\n\t\t<\/div>\n\t\t\t\t\t\t<\/div>\n\t\t\t\t<\/div>\n\t\t\t\t<div class=\"elementor-element elementor-element-d530ecd elementor-posts--align-left elementor-grid-4 elementor-grid-tablet-2 elementor-grid-mobile-1 elementor-posts--thumbnail-top elementor-posts--show-avatar elementor-card-shadow-yes elementor-posts__hover-gradient elementor-widget elementor-widget-posts\" data-id=\"d530ecd\" data-element_type=\"widget\" data-e-type=\"widget\" data-settings=\"{&quot;cards_row_gap&quot;:{&quot;unit&quot;:&quot;px&quot;,&quot;size&quot;:30,&quot;sizes&quot;:[]},&quot;cards_columns&quot;:&quot;4&quot;,&quot;_animation&quot;:&quot;none&quot;,&quot;cards_columns_tablet&quot;:&quot;2&quot;,&quot;cards_columns_mobile&quot;:&quot;1&quot;,&quot;cards_row_gap_tablet&quot;:{&quot;unit&quot;:&quot;px&quot;,&quot;size&quot;:&quot;&quot;,&quot;sizes&quot;:[]},&quot;cards_row_gap_mobile&quot;:{&quot;unit&quot;:&quot;px&quot;,&quot;size&quot;:&quot;&quot;,&quot;sizes&quot;:[]}}\" data-widget_type=\"posts.cards\">\n\t\t\t\t<div class=\"elementor-widget-container\">\n\t\t\t\t\t\t\t<div class=\"elementor-posts-container elementor-posts elementor-posts--skin-cards elementor-grid\" role=\"list\">\n\t\t\t\t<article class=\"elementor-post elementor-grid-item post-2683 post type-post status-publish format-standard has-post-thumbnail hentry category-non-classe\" role=\"listitem\">\n\t\t\t<div class=\"elementor-post__card\">\n\t\t\t\t<a class=\"elementor-post__thumbnail__link\" href=\"https:\/\/cd-68-ffc.fr\/?p=2683\" tabindex=\"-1\" ><div class=\"elementor-post__thumbnail\"><img decoding=\"async\" width=\"203\" height=\"181\" src=\"https:\/\/cd-68-ffc.fr\/wp-content\/uploads\/2023\/03\/CD68_Piste_logo-Article.png\" class=\"attachment-medium size-medium wp-image-1640\" alt=\"\" \/><\/div><\/a>\n\t\t\t\t<div class=\"elementor-post__badge\">Non class\u00e9<\/div>\n\t\t\t\t<div class=\"elementor-post__avatar\">\n\t\t\t<img alt='Thierry' src='https:\/\/secure.gravatar.com\/avatar\/7efe34f02e3c2a5337ca3f77f638bc4257117affbeb39f4af7b7b5b0c18b5e53?s=128&#038;d=mm&#038;r=g' srcset='https:\/\/secure.gravatar.com\/avatar\/7efe34f02e3c2a5337ca3f77f638bc4257117affbeb39f4af7b7b5b0c18b5e53?s=256&#038;d=mm&#038;r=g 2x' class='avatar avatar-128 photo' height='128' width='128' \/>\t\t<\/div>\n\t\t\t\t<div class=\"elementor-post__text\">\n\t\t\t\t<h6 class=\"elementor-post__title\">\n\t\t\t<a href=\"https:\/\/cd-68-ffc.fr\/?p=2683\" >\n\t\t\t\tPiste : Stage de Printemps\t\t\t<\/a>\n\t\t<\/h6>\n\t\t\t\t<div class=\"elementor-post__excerpt\">\n\t\t\t<p>Les Comit\u00e9s D\u00e9partementaux 67 (Bas-Rhin) et 68 (Haut-Rhin) vous informent de la reconduction du traditionnel stage Piste pendant les Vacances<\/p>\n\t\t<\/div>\n\t\t\n\t\t<a class=\"elementor-post__read-more\" href=\"https:\/\/cd-68-ffc.fr\/?p=2683\" aria-label=\"En savoir plus sur Piste : Stage de Printemps\" tabindex=\"-1\" >\n\t\t\tLire la suite \u00bb\t\t<\/a>\n\n\t\t\t\t<\/div>\n\t\t\t\t<div class=\"elementor-post__meta-data\">\n\t\t\t\t\t<span class=\"elementor-post-author\">\n\t\t\tThierry\t\t<\/span>\n\t\t\t\t<span class=\"elementor-post-date\">\n\t\t\t24 mars 2026\t\t<\/span>\n\t\t\t\t<\/div>\n\t\t\t\t\t<\/div>\n\t\t<\/article>\n\t\t\t\t<article class=\"elementor-post elementor-grid-item post-2637 post type-post status-publish format-standard has-post-thumbnail hentry category-route\" role=\"listitem\">\n\t\t\t<div class=\"elementor-post__card\">\n\t\t\t\t<a class=\"elementor-post__thumbnail__link\" href=\"https:\/\/cd-68-ffc.fr\/?p=2637\" tabindex=\"-1\" ><div class=\"elementor-post__thumbnail\"><img decoding=\"async\" width=\"194\" height=\"181\" src=\"https:\/\/cd-68-ffc.fr\/wp-content\/uploads\/2023\/03\/CD68_Route_logo-Article.png\" class=\"attachment-medium size-medium wp-image-1455\" alt=\"\" \/><\/div><\/a>\n\t\t\t\t<div class=\"elementor-post__badge\">Route<\/div>\n\t\t\t\t<div class=\"elementor-post__avatar\">\n\t\t\t<img alt='Thierry' src='https:\/\/secure.gravatar.com\/avatar\/7efe34f02e3c2a5337ca3f77f638bc4257117affbeb39f4af7b7b5b0c18b5e53?s=128&#038;d=mm&#038;r=g' srcset='https:\/\/secure.gravatar.com\/avatar\/7efe34f02e3c2a5337ca3f77f638bc4257117affbeb39f4af7b7b5b0c18b5e53?s=256&#038;d=mm&#038;r=g 2x' class='avatar avatar-128 photo' height='128' width='128' \/>\t\t<\/div>\n\t\t\t\t<div class=\"elementor-post__text\">\n\t\t\t\t<h6 class=\"elementor-post__title\">\n\t\t\t<a href=\"https:\/\/cd-68-ffc.fr\/?p=2637\" >\n\t\t\t\tRoute : Troph\u00e9e Alsace Jeunes Cyclistes\t\t\t<\/a>\n\t\t<\/h6>\n\t\t\t\t<div class=\"elementor-post__excerpt\">\n\t\t\t<p>T.A.J.C 2026 Le Comit\u00e9 de Liaison Alsace Cyclisme (CLAC), par l&rsquo;interm\u00e9diaire des 2 comit\u00e9s d\u00e9partementaux (Haut-Rhin &amp; Bas-Rhin), met en<\/p>\n\t\t<\/div>\n\t\t\n\t\t<a class=\"elementor-post__read-more\" href=\"https:\/\/cd-68-ffc.fr\/?p=2637\" aria-label=\"En savoir plus sur Route : Troph\u00e9e Alsace Jeunes Cyclistes\" tabindex=\"-1\" >\n\t\t\tLire la suite \u00bb\t\t<\/a>\n\n\t\t\t\t<\/div>\n\t\t\t\t<div class=\"elementor-post__meta-data\">\n\t\t\t\t\t<span class=\"elementor-post-author\">\n\t\t\tThierry\t\t<\/span>\n\t\t\t\t<span class=\"elementor-post-date\">\n\t\t\t13 mars 2026\t\t<\/span>\n\t\t\t\t<\/div>\n\t\t\t\t\t<\/div>\n\t\t<\/article>\n\t\t\t\t<article class=\"elementor-post elementor-grid-item post-2602 post type-post status-publish format-standard has-post-thumbnail hentry category-non-classe\" role=\"listitem\">\n\t\t\t<div class=\"elementor-post__card\">\n\t\t\t\t<a class=\"elementor-post__thumbnail__link\" href=\"https:\/\/cd-68-ffc.fr\/?p=2602\" tabindex=\"-1\" ><div class=\"elementor-post__thumbnail\"><img fetchpriority=\"high\" decoding=\"async\" width=\"263\" height=\"300\" src=\"https:\/\/cd-68-ffc.fr\/wp-content\/uploads\/2022\/09\/cropped-CD68_LogoSite-263x300.png\" class=\"attachment-medium size-medium wp-image-704\" alt=\"\" srcset=\"https:\/\/cd-68-ffc.fr\/wp-content\/uploads\/2022\/09\/cropped-CD68_LogoSite-263x300.png 263w, https:\/\/cd-68-ffc.fr\/wp-content\/uploads\/2022\/09\/cropped-CD68_LogoSite-160x183.png 160w, https:\/\/cd-68-ffc.fr\/wp-content\/uploads\/2022\/09\/cropped-CD68_LogoSite-e1745694679888.png 200w\" sizes=\"(max-width: 263px) 100vw, 263px\" \/><\/div><\/a>\n\t\t\t\t<div class=\"elementor-post__badge\">Non class\u00e9<\/div>\n\t\t\t\t<div class=\"elementor-post__avatar\">\n\t\t\t<img alt='Thierry' src='https:\/\/secure.gravatar.com\/avatar\/7efe34f02e3c2a5337ca3f77f638bc4257117affbeb39f4af7b7b5b0c18b5e53?s=128&#038;d=mm&#038;r=g' srcset='https:\/\/secure.gravatar.com\/avatar\/7efe34f02e3c2a5337ca3f77f638bc4257117affbeb39f4af7b7b5b0c18b5e53?s=256&#038;d=mm&#038;r=g 2x' class='avatar avatar-128 photo' height='128' width='128' \/>\t\t<\/div>\n\t\t\t\t<div class=\"elementor-post__text\">\n\t\t\t\t<h6 class=\"elementor-post__title\">\n\t\t\t<a href=\"https:\/\/cd-68-ffc.fr\/?p=2602\" >\n\t\t\t\tTests de d\u00e9tection U15\/U17 : VTT et Route\t\t\t<\/a>\n\t\t<\/h6>\n\t\t\t\t<div class=\"elementor-post__excerpt\">\n\t\t\t<p>Le Comit\u00e9 D\u00e9partemental du Haut-Rhin organise des\u00a0journ\u00e9e tests dits de \u00ab\u00a0d\u00e9tection \u00bb concernant les U15 et U17 gar\u00e7ons et filles\u00a0de<\/p>\n\t\t<\/div>\n\t\t\n\t\t<a class=\"elementor-post__read-more\" href=\"https:\/\/cd-68-ffc.fr\/?p=2602\" aria-label=\"En savoir plus sur Tests de d\u00e9tection U15\/U17 : VTT et Route\" tabindex=\"-1\" >\n\t\t\tLire la suite \u00bb\t\t<\/a>\n\n\t\t\t\t<\/div>\n\t\t\t\t<div class=\"elementor-post__meta-data\">\n\t\t\t\t\t<span class=\"elementor-post-author\">\n\t\t\tThierry\t\t<\/span>\n\t\t\t\t<span class=\"elementor-post-date\">\n\t\t\t15 f\u00e9vrier 2026\t\t<\/span>\n\t\t\t\t<\/div>\n\t\t\t\t\t<\/div>\n\t\t<\/article>\n\t\t\t\t<article class=\"elementor-post elementor-grid-item post-2589 post type-post status-publish format-standard has-post-thumbnail hentry category-route\" role=\"listitem\">\n\t\t\t<div class=\"elementor-post__card\">\n\t\t\t\t<a class=\"elementor-post__thumbnail__link\" href=\"https:\/\/cd-68-ffc.fr\/?p=2589\" tabindex=\"-1\" ><div class=\"elementor-post__thumbnail\"><img decoding=\"async\" width=\"194\" height=\"181\" src=\"https:\/\/cd-68-ffc.fr\/wp-content\/uploads\/2023\/03\/CD68_Route_logo-Article.png\" class=\"attachment-medium size-medium wp-image-1455\" alt=\"\" \/><\/div><\/a>\n\t\t\t\t<div class=\"elementor-post__badge\">Route<\/div>\n\t\t\t\t<div class=\"elementor-post__avatar\">\n\t\t\t<img alt='Thierry' src='https:\/\/secure.gravatar.com\/avatar\/7efe34f02e3c2a5337ca3f77f638bc4257117affbeb39f4af7b7b5b0c18b5e53?s=128&#038;d=mm&#038;r=g' srcset='https:\/\/secure.gravatar.com\/avatar\/7efe34f02e3c2a5337ca3f77f638bc4257117affbeb39f4af7b7b5b0c18b5e53?s=256&#038;d=mm&#038;r=g 2x' class='avatar avatar-128 photo' height='128' width='128' \/>\t\t<\/div>\n\t\t\t\t<div class=\"elementor-post__text\">\n\t\t\t\t<h6 class=\"elementor-post__title\">\n\t\t\t<a href=\"https:\/\/cd-68-ffc.fr\/?p=2589\" >\n\t\t\t\tRoute : Coupe de France des d\u00e9partements U17 &#8211; Zone Est\t\t\t<\/a>\n\t\t<\/h6>\n\t\t\t\t<div class=\"elementor-post__excerpt\">\n\t\t\t<p>Vous trouverez ci-dessous les dates officielles de la Coupe de France des D\u00e9partements U17H et U15\/U17F concernant la zone Est.\u00a0<\/p>\n\t\t<\/div>\n\t\t\n\t\t<a class=\"elementor-post__read-more\" href=\"https:\/\/cd-68-ffc.fr\/?p=2589\" aria-label=\"En savoir plus sur Route : Coupe de France des d\u00e9partements U17 &#8211; Zone Est\" tabindex=\"-1\" >\n\t\t\tLire la suite \u00bb\t\t<\/a>\n\n\t\t\t\t<\/div>\n\t\t\t\t<div class=\"elementor-post__meta-data\">\n\t\t\t\t\t<span class=\"elementor-post-author\">\n\t\t\tThierry\t\t<\/span>\n\t\t\t\t<span class=\"elementor-post-date\">\n\t\t\t2 f\u00e9vrier 2026\t\t<\/span>\n\t\t\t\t<\/div>\n\t\t\t\t\t<\/div>\n\t\t<\/article>\n\t\t\t\t<article class=\"elementor-post elementor-grid-item post-2308 post type-post status-publish format-standard has-post-thumbnail hentry category-cd68 category-route\" role=\"listitem\">\n\t\t\t<div class=\"elementor-post__card\">\n\t\t\t\t<a class=\"elementor-post__thumbnail__link\" href=\"https:\/\/cd-68-ffc.fr\/?p=2308\" tabindex=\"-1\" ><div class=\"elementor-post__thumbnail\"><img decoding=\"async\" width=\"194\" height=\"181\" src=\"https:\/\/cd-68-ffc.fr\/wp-content\/uploads\/2023\/03\/CD68_Route_logo-Article.png\" class=\"attachment-medium size-medium wp-image-1455\" alt=\"\" \/><\/div><\/a>\n\t\t\t\t<div class=\"elementor-post__badge\">CD68<\/div>\n\t\t\t\t<div class=\"elementor-post__avatar\">\n\t\t\t<img alt='Thierry' src='https:\/\/secure.gravatar.com\/avatar\/7efe34f02e3c2a5337ca3f77f638bc4257117affbeb39f4af7b7b5b0c18b5e53?s=128&#038;d=mm&#038;r=g' srcset='https:\/\/secure.gravatar.com\/avatar\/7efe34f02e3c2a5337ca3f77f638bc4257117affbeb39f4af7b7b5b0c18b5e53?s=256&#038;d=mm&#038;r=g 2x' class='avatar avatar-128 photo' height='128' width='128' \/>\t\t<\/div>\n\t\t\t\t<div class=\"elementor-post__text\">\n\t\t\t\t<h6 class=\"elementor-post__title\">\n\t\t\t<a href=\"https:\/\/cd-68-ffc.fr\/?p=2308\" >\n\t\t\t\tRoute : R\u00e9union d&rsquo;information aux motards\t\t\t<\/a>\n\t\t<\/h6>\n\t\t\t\t<div class=\"elementor-post__excerpt\">\n\t\t\t<p>En vue de la saison \u00e0 venir, sachez qu\u2019une r\u00e9union d\u2019information aura lieu pour tous les motards, y compris pour<\/p>\n\t\t<\/div>\n\t\t\n\t\t<a class=\"elementor-post__read-more\" href=\"https:\/\/cd-68-ffc.fr\/?p=2308\" aria-label=\"En savoir plus sur Route : R\u00e9union d&rsquo;information aux motards\" tabindex=\"-1\" >\n\t\t\tLire la suite \u00bb\t\t<\/a>\n\n\t\t\t\t<\/div>\n\t\t\t\t<div class=\"elementor-post__meta-data\">\n\t\t\t\t\t<span class=\"elementor-post-author\">\n\t\t\tThierry\t\t<\/span>\n\t\t\t\t<span class=\"elementor-post-date\">\n\t\t\t20 janvier 2026\t\t<\/span>\n\t\t\t\t<\/div>\n\t\t\t\t\t<\/div>\n\t\t<\/article>\n\t\t\t\t<article class=\"elementor-post elementor-grid-item post-2276 post type-post status-publish format-standard has-post-thumbnail hentry category-vtt\" role=\"listitem\">\n\t\t\t<div class=\"elementor-post__card\">\n\t\t\t\t<a class=\"elementor-post__thumbnail__link\" href=\"https:\/\/cd-68-ffc.fr\/?p=2276\" tabindex=\"-1\" ><div class=\"elementor-post__thumbnail\"><img loading=\"lazy\" decoding=\"async\" width=\"208\" height=\"201\" src=\"https:\/\/cd-68-ffc.fr\/wp-content\/uploads\/2023\/03\/CD68_VTT_logo-Article.png\" class=\"attachment-medium size-medium wp-image-1319\" alt=\"\" \/><\/div><\/a>\n\t\t\t\t<div class=\"elementor-post__badge\">VTT<\/div>\n\t\t\t\t<div class=\"elementor-post__avatar\">\n\t\t\t<img alt='Honore HAGER' src='https:\/\/secure.gravatar.com\/avatar\/c3e17f5631aa22668d063a89891859cafbfe64a693c794c571deb971f787ca93?s=128&#038;d=mm&#038;r=g' srcset='https:\/\/secure.gravatar.com\/avatar\/c3e17f5631aa22668d063a89891859cafbfe64a693c794c571deb971f787ca93?s=256&#038;d=mm&#038;r=g 2x' class='avatar avatar-128 photo' height='128' width='128' \/>\t\t<\/div>\n\t\t\t\t<div class=\"elementor-post__text\">\n\t\t\t\t<h6 class=\"elementor-post__title\">\n\t\t\t<a href=\"https:\/\/cd-68-ffc.fr\/?p=2276\" >\n\t\t\t\tRemise des Prix Troph\u00e9e Alsace de VTT 2025\t\t\t<\/a>\n\t\t<\/h6>\n\t\t\t\t<div class=\"elementor-post__excerpt\">\n\t\t\t<p>Clap de fin pour la saison 2025 de VTT La saison alsacienne 2025 de VTT s&rsquo;est conclue le vendredi 14<\/p>\n\t\t<\/div>\n\t\t\n\t\t<a class=\"elementor-post__read-more\" href=\"https:\/\/cd-68-ffc.fr\/?p=2276\" aria-label=\"En savoir plus sur Remise des Prix Troph\u00e9e Alsace de VTT 2025\" tabindex=\"-1\" >\n\t\t\tLire la suite \u00bb\t\t<\/a>\n\n\t\t\t\t<\/div>\n\t\t\t\t<div class=\"elementor-post__meta-data\">\n\t\t\t\t\t<span class=\"elementor-post-author\">\n\t\t\tHonore HAGER\t\t<\/span>\n\t\t\t\t<span class=\"elementor-post-date\">\n\t\t\t22 novembre 2025\t\t<\/span>\n\t\t\t\t<\/div>\n\t\t\t\t\t<\/div>\n\t\t<\/article>\n\t\t\t\t<article class=\"elementor-post elementor-grid-item post-2265 post type-post status-publish format-standard has-post-thumbnail hentry category-cd68 category-route category-vtt\" role=\"listitem\">\n\t\t\t<div class=\"elementor-post__card\">\n\t\t\t\t<a class=\"elementor-post__thumbnail__link\" href=\"https:\/\/cd-68-ffc.fr\/?p=2265\" tabindex=\"-1\" ><div class=\"elementor-post__thumbnail\"><img loading=\"lazy\" decoding=\"async\" width=\"202\" height=\"204\" src=\"https:\/\/cd-68-ffc.fr\/wp-content\/uploads\/2023\/04\/Logo_Maillot_Alsace_Article.png\" class=\"attachment-medium size-medium wp-image-1666\" alt=\"\" srcset=\"https:\/\/cd-68-ffc.fr\/wp-content\/uploads\/2023\/04\/Logo_Maillot_Alsace_Article.png 202w, https:\/\/cd-68-ffc.fr\/wp-content\/uploads\/2023\/04\/Logo_Maillot_Alsace_Article-150x150.png 150w\" sizes=\"(max-width: 202px) 100vw, 202px\" \/><\/div><\/a>\n\t\t\t\t<div class=\"elementor-post__badge\">CD68<\/div>\n\t\t\t\t<div class=\"elementor-post__avatar\">\n\t\t\t<img alt='Thierry' src='https:\/\/secure.gravatar.com\/avatar\/7efe34f02e3c2a5337ca3f77f638bc4257117affbeb39f4af7b7b5b0c18b5e53?s=128&#038;d=mm&#038;r=g' srcset='https:\/\/secure.gravatar.com\/avatar\/7efe34f02e3c2a5337ca3f77f638bc4257117affbeb39f4af7b7b5b0c18b5e53?s=256&#038;d=mm&#038;r=g 2x' class='avatar avatar-128 photo' height='128' width='128' \/>\t\t<\/div>\n\t\t\t\t<div class=\"elementor-post__text\">\n\t\t\t\t<h6 class=\"elementor-post__title\">\n\t\t\t<a href=\"https:\/\/cd-68-ffc.fr\/?p=2265\" >\n\t\t\t\tClassement Troph\u00e9e Alsace des Jeunes : Cyclistes \/ V\u00e9t\u00e9tistes\t\t\t<\/a>\n\t\t<\/h6>\n\t\t\t\t<div class=\"elementor-post__excerpt\">\n\t\t\t<p>Ci-dessous les classements du Troph\u00e9e Alsace des Jeunes Cyclistes ainsi que celui des Jeunes V\u00e9t\u00e9tistes.&nbsp; Classement TAJC Classement TAJV<\/p>\n\t\t<\/div>\n\t\t\n\t\t<a class=\"elementor-post__read-more\" href=\"https:\/\/cd-68-ffc.fr\/?p=2265\" aria-label=\"En savoir plus sur Classement Troph\u00e9e Alsace des Jeunes : Cyclistes \/ V\u00e9t\u00e9tistes\" tabindex=\"-1\" >\n\t\t\tLire la suite \u00bb\t\t<\/a>\n\n\t\t\t\t<\/div>\n\t\t\t\t<div class=\"elementor-post__meta-data\">\n\t\t\t\t\t<span class=\"elementor-post-author\">\n\t\t\tThierry\t\t<\/span>\n\t\t\t\t<span class=\"elementor-post-date\">\n\t\t\t25 octobre 2025\t\t<\/span>\n\t\t\t\t<\/div>\n\t\t\t\t\t<\/div>\n\t\t<\/article>\n\t\t\t\t<article class=\"elementor-post elementor-grid-item post-2255 post type-post status-publish format-standard has-post-thumbnail hentry category-cd68\" role=\"listitem\">\n\t\t\t<div class=\"elementor-post__card\">\n\t\t\t\t<a class=\"elementor-post__thumbnail__link\" href=\"https:\/\/cd-68-ffc.fr\/?p=2255\" tabindex=\"-1\" ><div class=\"elementor-post__thumbnail\"><img fetchpriority=\"high\" decoding=\"async\" width=\"263\" height=\"300\" src=\"https:\/\/cd-68-ffc.fr\/wp-content\/uploads\/2022\/09\/cropped-CD68_LogoSite-263x300.png\" class=\"attachment-medium size-medium wp-image-704\" alt=\"\" srcset=\"https:\/\/cd-68-ffc.fr\/wp-content\/uploads\/2022\/09\/cropped-CD68_LogoSite-263x300.png 263w, https:\/\/cd-68-ffc.fr\/wp-content\/uploads\/2022\/09\/cropped-CD68_LogoSite-160x183.png 160w, https:\/\/cd-68-ffc.fr\/wp-content\/uploads\/2022\/09\/cropped-CD68_LogoSite-e1745694679888.png 200w\" sizes=\"(max-width: 263px) 100vw, 263px\" \/><\/div><\/a>\n\t\t\t\t<div class=\"elementor-post__badge\">CD68<\/div>\n\t\t\t\t<div class=\"elementor-post__avatar\">\n\t\t\t<img alt='Thierry' src='https:\/\/secure.gravatar.com\/avatar\/7efe34f02e3c2a5337ca3f77f638bc4257117affbeb39f4af7b7b5b0c18b5e53?s=128&#038;d=mm&#038;r=g' srcset='https:\/\/secure.gravatar.com\/avatar\/7efe34f02e3c2a5337ca3f77f638bc4257117affbeb39f4af7b7b5b0c18b5e53?s=256&#038;d=mm&#038;r=g 2x' class='avatar avatar-128 photo' height='128' width='128' \/>\t\t<\/div>\n\t\t\t\t<div class=\"elementor-post__text\">\n\t\t\t\t<h6 class=\"elementor-post__title\">\n\t\t\t<a href=\"https:\/\/cd-68-ffc.fr\/?p=2255\" >\n\t\t\t\tCER : Inauguration local Andre DENUX\t\t\t<\/a>\n\t\t<\/h6>\n\t\t\t\t<div class=\"elementor-post__excerpt\">\n\t\t\t<p>L\u2019inauguration du nouveau local cycliste du lyc\u00e9e Camille SEE de Colmar s\u2019est tenue en pr\u00e9sence de nombreux invit\u00e9s et a<\/p>\n\t\t<\/div>\n\t\t\n\t\t<a class=\"elementor-post__read-more\" href=\"https:\/\/cd-68-ffc.fr\/?p=2255\" aria-label=\"En savoir plus sur CER : Inauguration local Andre DENUX\" tabindex=\"-1\" >\n\t\t\tLire la suite \u00bb\t\t<\/a>\n\n\t\t\t\t<\/div>\n\t\t\t\t<div class=\"elementor-post__meta-data\">\n\t\t\t\t\t<span class=\"elementor-post-author\">\n\t\t\tThierry\t\t<\/span>\n\t\t\t\t<span class=\"elementor-post-date\">\n\t\t\t28 septembre 2025\t\t<\/span>\n\t\t\t\t<\/div>\n\t\t\t\t\t<\/div>\n\t\t<\/article>\n\t\t\t\t<\/div>\n\t\t\n\t\t\t\t\t\t<\/div>\n\t\t\t\t<\/div>\n\t\t\t\t<div class=\"elementor-element elementor-element-a31547d elementor-widget-divider--view-line elementor-widget elementor-widget-divider\" data-id=\"a31547d\" data-element_type=\"widget\" data-e-type=\"widget\" data-widget_type=\"divider.default\">\n\t\t\t\t<div class=\"elementor-widget-container\">\n\t\t\t\t\t\t\t<div class=\"elementor-divider\">\n\t\t\t<span class=\"elementor-divider-separator\">\n\t\t\t\t\t\t<\/span>\n\t\t<\/div>\n\t\t\t\t\t\t<\/div>\n\t\t\t\t<\/div>\n\t\t\t\t\t<\/div>\n\t\t<\/div>\n\t\t\t\t\t<\/div>\n\t\t<\/section>\n\t\t\t\t<\/div>\n\t\t","protected":false},"excerpt":{"rendered":"","protected":false},"author":1,"featured_media":0,"parent":0,"menu_order":0,"comment_status":"closed","ping_status":"closed","template":"","meta":{"site-sidebar-layout":"no-sidebar","site-content-layout":"page-builder","ast-site-content-layout":"default","site-content-style":"default","site-sidebar-style":"default","ast-global-header-display":"","ast-banner-title-visibility":"","ast-main-header-display":"","ast-hfb-above-header-display":"","ast-hfb-below-header-display":"","ast-hfb-mobile-header-display":"","site-post-title":"disabled","ast-breadcrumbs-content":"","ast-featured-img":"","footer-sml-layout":"","theme-transparent-header-meta":"enabled","adv-header-id-meta":"","stick-header-meta":"","header-above-stick-meta":"","header-main-stick-meta":"","header-below-stick-meta":"","astra-migrate-meta-layouts":"default","ast-page-background-enabled":"default","ast-page-background-meta":{"desktop":{"background-color":"","background-image":"","background-repeat":"repeat","background-position":"center center","background-size":"auto","background-attachment":"scroll","background-type":"","background-media":"","overlay-type":"","overlay-color":"","overlay-opacity":"","overlay-gradient":""},"tablet":{"background-color":"","background-image":"","background-repeat":"repeat","background-position":"center center","background-size":"auto","background-attachment":"scroll","background-type":"","background-media":"","overlay-type":"","overlay-color":"","overlay-opacity":"","overlay-gradient":""},"mobile":{"background-color":"","background-image":"","background-repeat":"repeat","background-position":"center center","background-size":"auto","background-attachment":"scroll","background-type":"","background-media":"","overlay-type":"","overlay-color":"","overlay-opacity":"","overlay-gradient":""}},"ast-content-background-meta":{"desktop":{"background-color":"var(--ast-global-color-5)","background-image":"","background-repeat":"repeat","background-position":"center center","background-size":"auto","background-attachment":"scroll","background-type":"","background-media":"","overlay-type":"","overlay-color":"","overlay-opacity":"","overlay-gradient":""},"tablet":{"background-color":"var(--ast-global-color-5)","background-image":"","background-repeat":"repeat","background-position":"center center","background-size":"auto","background-attachment":"scroll","background-type":"","background-media":"","overlay-type":"","overlay-color":"","overlay-opacity":"","overlay-gradient":""},"mobile":{"background-color":"var(--ast-global-color-5)","background-image":"","background-repeat":"repeat","background-position":"center center","background-size":"auto","background-attachment":"scroll","background-type":"","background-media":"","overlay-type":"","overlay-color":"","overlay-opacity":"","overlay-gradient":""}},"footnotes":""},"class_list":["post-215","page","type-page","status-publish","hentry"],"_links":{"self":[{"href":"https:\/\/cd-68-ffc.fr\/index.php?rest_route=\/wp\/v2\/pages\/215","targetHints":{"allow":["GET"]}}],"collection":[{"href":"https:\/\/cd-68-ffc.fr\/index.php?rest_route=\/wp\/v2\/pages"}],"about":[{"href":"https:\/\/cd-68-ffc.fr\/index.php?rest_route=\/wp\/v2\/types\/page"}],"author":[{"embeddable":true,"href":"https:\/\/cd-68-ffc.fr\/index.php?rest_route=\/wp\/v2\/users\/1"}],"replies":[{"embeddable":true,"href":"https:\/\/cd-68-ffc.fr\/index.php?rest_route=%2Fwp%2Fv2%2Fcomments&post=215"}],"version-history":[{"count":69,"href":"https:\/\/cd-68-ffc.fr\/index.php?rest_route=\/wp\/v2\/pages\/215\/revisions"}],"predecessor-version":[{"id":2415,"href":"https:\/\/cd-68-ffc.fr\/index.php?rest_route=\/wp\/v2\/pages\/215\/revisions\/2415"}],"wp:attachment":[{"href":"https:\/\/cd-68-ffc.fr\/index.php?rest_route=%2Fwp%2Fv2%2Fmedia&parent=215"}],"curies":[{"name":"wp","href":"https:\/\/api.w.org\/{rel}","templated":true}]}}